lse
Does 289 divide 2411132102?
False
Is 1237443877 a multiple of 50?
False
Is 15 a factor of 27912637?
False
Does 403 divide 55201970?
False
Is 75 a factor of 773847075?
True
Is 251192029 a multiple of 11?
True
Does 18 divide 876212487?
False
Is 172 a factor of 29895365?
False
Is 69 a factor of 79023078?
True
Is 29 a factor of 33786584?
False
Does 2109 divide 134876877?
True
Does 26 divide 18519228?
True
Is 207 a factor of 8759205?
True
Is 483 a factor of 738566409?
True
Is 192513770 a multiple of 274?
True
Does 33 divide 74450475?
True
Is 125976666 a multiple of 4?
False
Is 77350034 a multiple of 1462?
True
Does 3940 divide 907539600?
True
Is 30172090 a multiple of 598?
True
Does 234 divide 57107466?
True
Is 31 a factor of 296170666?
False
Is 3152761425 a multiple of 45?
True
Is 2276 a factor of 130660011?
False
Is 390 a factor of 28167360?
True
Does 510 divide 7678535307?
False
Does 7618 divide 4002070679?
False
Does 11 divide 1387242109?
True
Is 207 a factor of 12595054?
False
Is 1669115 a multiple of 103?
True
Does 2292 divide 84925476?
True
Does 3802 divide 351418860?
True
Is 31 a factor of 3993018395?
True
Is 137 a factor of 52544843?
True
Does 9 divide 263474505?
True
Is 132603742 a multiple of 149?
True
Does 43 divide 35710221?
False
Does 38 divide 81842155?
False
Is 117062106 a multiple of 14?
True
Does 468 divide 76105880?
False
Does 1234 divide 366469965?
False
Is 811 a factor of 13955688?
True
Is 69367565 a multiple of 107?
True
Does 1270 divide 2386781515?
False
Is 448 a factor of 11965184?
True
Does 300 divide 33007184?
False
Is 21 a factor of 804326608?
False
Is 3 a factor of 32797208?
False
Is 673 a factor of 66718041?
False
Is 10 a factor of 64249286?
False
Does 392 divide 5802163304?
True
Is 207 a factor of 15037463?
False
Is 2163 a factor of 189355805?
False
Is 689201384 a multiple of 4849?
False
Is 894 a factor of 174980307?
False
Is 743909257 a multiple of 91?
True
Does 11 divide 120307377?
False
Does 23 divide 14017511?
True
Does 20 divide 1305941645?
False
Is 14492016 a multiple of 198?
True
Does 81 divide 1121852?
False
Is 378 a factor of 14122665?
False
Is 7135632 a multiple of 63?
True
Is 756008136 a multiple of 732?
True
Is 1091 a factor of 78515997?
True
Is 15 a factor of 135214593?
False
Is 429781572 a multiple of 3?
True
Does 60 divide 3592160940?
True
Is 1799 a factor of 146604320?
False
Does 27 divide 1943298?
True
Does 280 divide 809030833?
False
Is 3 a factor of 5696424?
True
Is 534 a factor of 228909246?
True
Does 117 divide 6034509?
True
Is 4410 a factor of 686641410?
True
Does 5 divide 103666760?
True
Does 2 divide 2377925?
False
Is 2045 a factor of 37736385?
True
Is 212 a factor of 2763391435?
False
Is 686385025 a multiple of 13?
False
Is 13 a factor of 2000138492?
False
Is 293487751 a multiple of 83?
True
Is 561249288 a multiple of 12?
True
Is 172 a factor of 135720397?
False
Does 1144 divide 39414232?
True
Is 13 a factor of 875189883?
False
Does 33 divide 1547856255?
True
Does 44 divide 519568048?
False
Is 990 a factor of 426894271?
False
Is 502 a factor of 39389430?
True
Is 709 a factor of 1130527442?
True
Is 164332800 a multiple of 951?
True
Is 9 a factor of 251120403?
True
Does 6 divide 69815261?
False
Does 653 divide 81758865?
True
Does 24 divide 1729274748?
False
Does 32 divide 38055905?
False
Does 10 divide 106379580?
True
Is 20185336 a multiple of 94?
False
Is 1375089456 a multiple of 7576?
True
Does 57 divide 18622128?
True
Does 15 divide 4287566610?
True
Is 32 a factor of 164854453?
False
Is 506 a factor of 750041776?
True
Is 396 a factor of 1375863588?
True
Is 22357435 a multiple of 55?
False
Is 5254113480 a multiple of 616?
True
Does 28 divide 26261238?
False
Does 1104 divide 367847240?
False
Is 1148361600 a multiple of 24?
True
Is 491069400 a multiple of 120?
True
Is 9 a factor of 308631069?
True
Does 186 divide 6782064?
False
Is 128 a factor of 73548544?
True
Is 52 a factor of 130023868?
True
Does 2627 divide 684517390?
True
Does 10 divide 9844338?
False
Is 2625364482 a multiple of 19?
True
Does 467 divide 80435084?
False
Is 996264765 a multiple of 15?
True
Does 2536 divide 15113974?
False
Does 13544 divide 3736667704?
True
Does 65 divide 798449531?
False
Is 97 a factor of 20985368?
True
Is 435195096 a multiple of 633?
True
Is 664792203 a multiple of 209?
False
Does 1663 divide 3465006844?
True
Is 476 a factor of 215799211?
False
Is 188388070 a multiple of 698?
False
Is 16 a factor of 57594019?
False
Does 170 divide 308266100?
True
Is 852588528 a multiple of 316?
False
Does 7 divide 84987364?
True
Is 1299405 a multiple of 2?
False
Is 552101121 a multiple of 369?
True
Does 12 divide 370632673?
False
Is 7741 a factor of 2538499612?
False
Does 425 divide 96623750?
True
Does 2352 divide 15624336?
True
Is 2333916750 a multiple of 59?
False
Is 14 a factor of 352151748?
False
Does 5 divide 11293235?
True
Is 70 a factor of 670710810?
True
Is 108413341 a multiple of 776?
False
Does 16 divide 11072219?
False
Is 510188802 a multiple of 3207?
True
Is 678198630 a multiple of 2221?
False
Is 74659351 a multiple of 105?
False
Does 430 divide 15242785?
False
Is 1036480133 a multiple of 31?
True
Does 978 divide 41713656?
True
Is 1241 a factor of 15920789?
True
Is 1626 a factor of 6432409?
False
Is 9588305 a multiple of 37?
False
Does 86 divide 24765283?
False
Is 129266970 a multiple of 44?
False
Does 18 divide 118854792?
True
Is 8204784 a multiple of 428?
False
Is 199381910 a multiple of 264?
False
Does 88 divide 2614128?
True
Does 59 divide 3372027?
True
Does 5 divide 703363100?
True
Does 9 divide 423932317?
False
Is 383197174 a multiple of 307?
False
Is 251853140 a multiple of 110?
True
Is 55 a factor of 11952875?
True
Does 6706 divide 294000759?
False
Is 31892495 a multiple of 809?
False
Does 2 divide 102719921?
False
Does 15 divide 682040235?
True
Is 11 a factor of 115146917?
False
Does 2 divide 75756212?
True
Does 7 divide 5039406?
False
Does 515 divide 672701755?
True
Is 243166666 a multiple of 554?
True
Is 2233090 a multiple of 107?
True
Is 90 a factor of 17388630?
True
Does 34 divide 14912519?
False
Is 53427920 a multiple of 2870?
True
Is 301 a factor of 106836037?
True
Is 22709199 a multiple of 5916?
False
Is 312 a factor of 664554255?
False
Does 95 divide 5268700?
True
Does 4825 divide 20485327?
False
Is 190 a factor of 813400260?
True
Does 10 divide 115399225?
False
Does 183 divide 84885465?
True
Is 153777135 a multiple of 628?
False
Is 276 a factor of 91593669?
False
Does 8 divide 3257889?
False
Is 2 a factor of 7813129?
False
Is 5 a factor of 21239150?
True
Is 190225890 a multiple of 3?
True
Is 10512754 a multiple of 30?
False
Is 2693592 a multiple of 28?
False
Does 36 divide 161179372?
False
Does 6 divide 7307424?
True
Is 29130878 a multiple of 2358?
False
Is 117742477 a multiple of 229?
False
Does 1547 divide 1390093978?
True
Does 55 divide 3354582715?
True
Is 7335189 a multiple of 16?
False
Does 2264 divide 319029296?
True
Is 795 a factor of 108838918?
False
Is 42009968 a multiple of 308?
True
Does 6 divide 76870327?
False
Is 50 a factor of 9674950?
True
Is 3527306 a multiple of 15?
False
Is 15770627 a multiple of 53?
True
Is 401 a factor of 7098533?
False
Does 5 divide 181141070?
True
Is 7 a factor of 561351952?
True
Is 24 a factor of 924197064?
True
Is 48144863 a multiple of 117?
False
Is 7869141 a multiple of 2445?
False
Is 148231193 a multiple of 117?
False
Is 960 a factor of 105908160?
True
Is 481 a factor of 57550093?
False
Is 56749781 a multiple of 1278?
False
Is 1072 a factor of 17720463?
False
Is 18693855 a multiple of 59?
True
Is 2635926 a multiple of 19?
False
Does 28 divide 116559996?
True
Does 3 divide 295975?
False
Does 25 divide 783836988?
False
Does 32 divide 769218?
False
Does 10 divide 66208983?
False
Does 9 divide 3873867?
False
Is 23539812 a multiple of 166?
False
Does 33 divide 9495028?
False
Is 131041246 a multiple of 2506?
True
Is 1225997356 a multiple of 388?
True
Is 234954228 a multiple of 429?
False
Is 145951858 a multiple of 169?
False
Is 506 a factor of 19369808?
False
Is 37997284 a multiple of 26?
True
Is 28 a factor of 31187582?
False
Is 1535532736 a multiple of 3452?
False
Is 403 a factor of 97951165?
True
Does 655 divide 786034060?
True
Is 92 a factor of 9